
{"id":229,"date":"2019-10-23T12:47:25","date_gmt":"2019-10-23T10:47:25","guid":{"rendered":"https:\/\/jenui2021.uv.es\/?page_id=229"},"modified":"2021-02-15T13:22:20","modified_gmt":"2021-02-15T12:22:20","slug":"documentacion","status":"publish","type":"page","link":"https:\/\/jenui2021.uv.es\/index.php\/documentacion\/","title":{"rendered":"Documentaci\u00f3n"},"content":{"rendered":"<p>A continuaci\u00f3n puede encontrar una serie de documentos que le ser\u00e1n de utilidad para preparar su participaci\u00f3n en estas jornadas, as\u00ed como las plantillas que deber\u00e1 utilizar para la redacci\u00f3n de los trabajos.<\/p>\n<h3>Preparaci\u00f3n de las contribuciones<\/h3>\n<ul>\n<li><a href=\"http:\/\/www.aenui.net\/nws\/media\/plantillas\/guia_jenui_ponencia.pdf\" target=\"_blank\" rel=\"noopener noreferrer\">\u00bfQu\u00e9 se espera de una ponencia?<\/a><\/li>\n<li><a href=\"http:\/\/www.aenui.net\/nws\/media\/plantillas\/guia_jenui_recurso.pdf\" target=\"_blank\" rel=\"noopener noreferrer\">\u00bfQu\u00e9 se espera de un recurso docente?<\/a><\/li>\n<li><a href=\"http:\/\/www.aenui.net\/nws\/media\/plantillas\/guia_jenui_poster.pdf\" target=\"_blank\" rel=\"noopener noreferrer\">\u00bfQu\u00e9 se espera de un p\u00f3ster?<\/a><\/li>\n<li><a href=\"http:\/\/www.aenui.net\/nws\/media\/plantillas\/guia_jenui_articulo_relevante.pdf\">\u00bfQu\u00e9 se espera de un art\u00edculo relevante?<\/a><\/li>\n<\/ul>\n<h3>Plantillas<\/h3>\n<p>Cualquier contribuci\u00f3n debe seguir rigurosamente las especificaciones de formato indicadas en las siguientes plantillas. Las contribuciones que no cumplan dichas especificaciones no ser\u00e1n aceptadas.<\/p>\n<h4><strong>Ponencias y p\u00f3steres<\/strong><\/h4>\n<ul>\n<li><a href=\"https:\/\/jenui2021.uv.es\/wp-content\/uploads\/2021\/01\/Instrucciones_autores_LaTeX.zip\" target=\"_blank\" rel=\"noopener\">Plantilla e instrucciones para LaTeX<\/a><\/li>\n<li><a href=\"https:\/\/jenui2021.uv.es\/wp-content\/uploads\/2020\/12\/Instrucciones_autores_JENUI_LibreOffice.zip\">Plantilla e instrucciones para LibreOffice Write<\/a><\/li>\n<li><a href=\"https:\/\/jenui2021.uv.es\/wp-content\/uploads\/2020\/12\/Instrucciones_autores_JENUI_Word.zip\" target=\"_blank\" rel=\"noopener\">Plantilla e instrucciones para Microsoft Office Word<\/a><\/li>\n<\/ul>\n<h4><strong>Art\u00edculos relevantes<\/strong><\/h4>\n<ul>\n<li><a href=\"https:\/\/jenui2021.uv.es\/wp-content\/uploads\/2020\/12\/plantilla-latex-relevante.zip\">Plantilla e instrucciones para LaTeX<\/a><\/li>\n<li><a href=\"https:\/\/jenui2021.uv.es\/wp-content\/uploads\/2020\/12\/plantilla-word-relevante.zip\">Plantilla e instrucciones para Microsoft Office Word<\/a><\/li>\n<\/ul>\n<h3>Indicaciones para revisores y revisoras<strong><br \/>\n<\/strong><\/h3>\n<ul>\n<li><a href=\"https:\/\/jenui2021.uv.es\/wp-content\/uploads\/2021\/02\/GuiaRevisionJENUI2021.pdf\">Gu\u00eda para el proceso de revisi\u00f3n<\/a><\/li>\n<\/ul>\n","protected":false},"excerpt":{"rendered":"<p>A continuaci\u00f3n puede encontrar una serie de documentos que le ser\u00e1n de utilidad para preparar su participaci\u00f3n en estas jornadas, as\u00ed como las plantillas que deber\u00e1 utilizar para la redacci\u00f3n de los trabajos. Preparaci\u00f3n de las contribuciones \u00bfQu\u00e9 se espera de una ponencia? \u00bfQu\u00e9 se espera de un recurso docente? \u00bfQu\u00e9 se espera de un [&hellip;]<\/p>\n","protected":false},"author":1,"featured_media":0,"parent":0,"menu_order":0,"comment_status":"closed","ping_status":"closed","template":"","meta":[],"_links":{"self":[{"href":"https:\/\/jenui2021.uv.es\/index.php\/wp-json\/wp\/v2\/pages\/229"}],"collection":[{"href":"https:\/\/jenui2021.uv.es\/index.php\/wp-json\/wp\/v2\/pages"}],"about":[{"href":"https:\/\/jenui2021.uv.es\/index.php\/wp-json\/wp\/v2\/types\/page"}],"author":[{"embeddable":true,"href":"https:\/\/jenui2021.uv.es\/index.php\/wp-json\/wp\/v2\/users\/1"}],"replies":[{"embeddable":true,"href":"https:\/\/jenui2021.uv.es\/index.php\/wp-json\/wp\/v2\/comments?post=229"}],"version-history":[{"count":20,"href":"https:\/\/jenui2021.uv.es\/index.php\/wp-json\/wp\/v2\/pages\/229\/revisions"}],"predecessor-version":[{"id":1322,"href":"https:\/\/jenui2021.uv.es\/index.php\/wp-json\/wp\/v2\/pages\/229\/revisions\/1322"}],"wp:attachment":[{"href":"https:\/\/jenui2021.uv.es\/index.php\/wp-json\/wp\/v2\/media?parent=229"}],"curies":[{"name":"wp","href":"https:\/\/api.w.org\/{rel}","templated":true}]}}