
{"id":582,"date":"2020-04-01T10:58:47","date_gmt":"2020-04-01T08:58:47","guid":{"rendered":"https:\/\/jenui2021.uv.es\/?page_id=582"},"modified":"2021-06-22T09:29:46","modified_gmt":"2021-06-22T07:29:46","slug":"programa-virtual","status":"publish","type":"page","link":"https:\/\/jenui2021.uv.es\/index.php\/programa-virtual\/","title":{"rendered":"Programa"},"content":{"rendered":"\n<p>Las JENUI 2021 se celebrar\u00e1n en modalidad virtual y su programa estar\u00e1 formado por un conjunto de actividades s\u00edncronas que permitir\u00e1n participar e interactuar con el resto de asistentes al congreso.<\/p>\n<p>Sigue las <a href=\"https:\/\/jenui2021.uv.es\/index.php\/instrucciones-conexion\/\">instrucciones de conexi\u00f3n<\/a> a la plataforma de videoconferencia para interactuar en directo con el resto de autores y participantes.<\/p>\n<p>Para participar en estas actividades es necesaria <a href=\"https:\/\/jenui2021.uv.es\/index.php\/inscripcion\/\">la inscripci\u00f3n al congreso<\/a>. Consulta las modalidades de inscripci\u00f3n, que incluyen una opci\u00f3n gratuita.<\/p>\n<p>Si tienes que presentar un trabajo aceptado o quieres saber m\u00e1s sobre c\u00f3mo se desarrollar\u00e1n las sesiones, consulta la <a href=\"https:\/\/jenui2021.uv.es\/index.php\/preparacion-de-presentaciones\/\">p\u00e1gina sobre preparaci\u00f3n de presentaciones<\/a>.<\/p>\n<p>El programa virtual de actividades seguir\u00e1 la siguiente estructura:<\/p>\n       <table id=\"tabla_programa\" class=\"tabla_programa\">\n            <thead>\n            <tr>\n            <th class=\"horas\">&nbsp;<\/th>\n            <th>7 de Julio<\/th>\n            <th>8 de Julio<\/th>\n            <\/tr>\n            <\/thead>\n            <tbody>\n            <tr>\n            <td>09:30<\/td>\n            <td class=\"asamblea\">Bienvenida e inauguraci\u00f3n<\/td>\n            <td class=\"sesiones col_dark\" style=\"vertical-align: middle; line-height: 1.3;\" rowspan=\"4\"><a href=\"https:\/\/jenui2021.uv.es\/index.php\/premio-aenui\/\">Conferencia<br>Premio AENUI 2021<br>Merche Marqu\u00e9s<\/a><\/td>\n            <\/tr>\n            <tr>\n            <td>09:45<\/td>\n            <td class=\"sesiones col_dark\" style=\"vertical-align: middle; line-height: 1.3;\" rowspan=\"4\"><a href=\"https:\/\/jenui2021.uv.es\/index.php\/premio-aenui-2020\/\">Conferencia<br>Premio AENUI 2020<br>David L\u00f3pez<\/a><\/td>\n            <!-- <td class=\"sesiones col_dark\"><a href=\"https:\/\/jenui2021.uv.es\/index.php\/premio-aenui\/\">Premio AENUI 2021<\/a><\/td> -->\n            <\/tr>\n            <tr>\n            <td>10:00<\/td>\n            <!-- <td class=\"sesiones col_dark\"><a href=\"https:\/\/jenui2021.uv.es\/index.php\/premio-aenui-2020\/\">Premio AENUI 2020<\/a><\/td> -->\n            <!-- <td class=\"sesiones col_dark\" style=\"vertical-align: middle;\" rowspan=\"2\"><a href=\"https:\/\/jenui2021.uv.es\/index.php\/premio-aenui\/\">Merche Marqu\u00e9s<\/a><\/td> -->\n            <\/tr>\n            <tr>\n            <td>10:15<\/td>\n            <!-- <td class=\"sesiones col_dark\" style=\"vertical-align: middle;\" rowspan=\"2\"><a href=\"https:\/\/jenui2021.uv.es\/index.php\/premio-aenui-2020\/\">David L\u00f3pez<\/a><\/td> -->\n \n            <\/tr>\n            <tr>\n            <td>10:30<\/td>\n            <!-- <td class=\"sesiones col_dark\"><\/td> -->\n            <td class=\"actividades col_dark\" style=\"vertical-align: middle;\" rowspan=\"3\">Actividad social<\/td>\n            <\/tr>\n            <tr>\n            <td>10:45<\/td>\n            <td class=\"pausa\">Pausa<\/td>\n            <!-- <td class=\"actividades col_dark\">Actividad social<\/td> -->\n            <\/tr>\n            <tr>\n            <td>11:00<\/td>\n            <td class=\"mejores col_dark\" style=\"vertical-align: middle;\" rowspan=\"4\">Sesiones paralelas<br><a href=\"https:\/\/jenui2021.uv.es\/index.php\/presentaciones\/#sesion1A\">1A: Evaluaci\u00f3n de aprendizaje I<\/a><br><a href=\"https:\/\/jenui2021.uv.es\/index.php\/presentaciones\/#sesion1B\">1B: Aplicaci\u00f3n de las TIC al proceso de ense\u00f1anza-aprendizaje<\/a><\/td>\n            <!-- <td class=\"actividades col_dark\"><\/td> -->\n            <\/tr>\n            <tr>\n            <td>11:15<\/td>\n            <!-- <td class=\"mejores col_dark\">Sesiones paralelas<\/td> -->\n            <td class=\"pausa\">Pausa<\/td>\n            <\/tr>\n            <tr>\n            <td>11:30<\/td>\n            <!-- <td class=\"mejores col_dark\">1A || 1B<\/td> -->\n            <td class=\"mejores col_dark\" style=\"vertical-align: middle;\" rowspan=\"4\">Sesiones paralelas<br><a href=\"https:\/\/jenui2021.uv.es\/index.php\/presentaciones\/#sesion4A\">4A: Perspectiva de g\u00e9nero en los estudios de inform\u00e1tica<\/a><br><a href=\"https:\/\/jenui2021.uv.es\/index.php\/presentaciones\/#sesion4B\">4B: Did\u00e1ctica en los estudios de ingenier\u00eda inform\u00e1tica<\/a><\/td>\n            <\/tr>\n            <tr>\n            <td>11:45<\/td>\n            <!-- <td class=\"mejores col_dark\"><\/td> -->\n            <!-- <td class=\"mejores col_dark\">Sesiones paralelas<\/td> -->\n            <\/tr>\n            <tr>\n            <td>12:00<\/td>\n            <td class=\"actividades col_dark\">Actividad social<\/td>\n            <!-- <td class=\"mejores col_dark\">4A || 4B<\/td> -->\n            <\/tr>\n            <tr>\n            <td>12:15<\/td>\n            <td class=\"mejores col_dark\" style=\"vertical-align: middle;\" rowspan=\"4\">Sesiones paralelas<br><a href=\"https:\/\/jenui2021.uv.es\/index.php\/presentaciones\/#sesion2A\">2A: Docencia y evaluaci\u00f3n <br>semipresencial y en l\u00ednea<\/a><br><a href=\"https:\/\/jenui2021.uv.es\/index.php\/presentaciones\/#sesion2B\">2B: Mejoras pedag\u00f3gicas en las <br>asignaturas y calidad en la docencia<\/a><\/td>\n            <!-- <td class=\"mejores col_dark\"><\/td> -->\n            <\/tr>\n            <tr>\n            <td>12:30<\/td>\n            <!-- <td class=\"mejores col_dark\">Sesiones paralelas<\/td> -->\n            <td class=\"sesiones col_dark\" style=\"vertical-align: middle;\" rowspan=\"3\"><a href=\"https:\/\/jenui2021.uv.es\/index.php\/presentaciones\/#sesion5\">Sesi\u00f3n 5 &#8211; P\u00f3steres<\/a><\/td>\n            <\/tr>\n            <tr>\n            <td>12:45<\/td>\n            <!-- <td class=\"mejores col_dark\">2A || 2B<\/td> -->\n            <!-- <td class=\"sesiones col_dark\">Sesi\u00f3n de p\u00f3steres<\/td> -->\n            <\/tr>\n            <tr>\n            <td>13:00<\/td>\n            <!-- <td class=\"mejores col_dark\"><\/td> -->\n            <!-- <td class=\"sesiones col_dark\"><\/td> -->\n            <\/tr>\n            <tr>\n            <td><\/td>\n            <td class=\"pausa\">Pausa<\/td>\n            <td class=\"pausa\">Pausa<\/td>\n            <\/tr>\n            <tr>\n            <td>15:00<\/td>\n            <td class=\"mejores col_dark\" style=\"vertical-align: middle;\" rowspan=\"7\"><a href=\"https:\/\/jenui2021.uv.es\/index.php\/presentaciones\/#sesion3\">Sesi\u00f3n 3<br><br>Candidaturas a mejores trabajos<\/a><\/td>\n            <td class=\"mejores col_dark\" style=\"vertical-align: middle;\" rowspan=\"3\">Sesiones paralelas<br><a href=\"https:\/\/jenui2021.uv.es\/index.php\/presentaciones\/#sesion6A\">6A: Desarrollo de competencias transversales<\/a><br><a href=\"https:\/\/jenui2021.uv.es\/index.php\/presentaciones\/#sesion6B\">6B: Evaluaci\u00f3n de aprendizaje II<\/a><\/td>\n            <\/tr>\n            <tr>\n            <td>15:15<\/td>\n            <!-- <td class=\"mejores col_dark\">Sesi\u00f3n 3<\/td> -->\n            <!-- <td class=\"mejores col_dark\">5A || 5B<\/td> -->\n            <\/tr>\n            <tr>\n            <td>15:30<\/td>\n            <!-- <td class=\"mejores col_dark\">Mejores trabajos<\/td> -->\n            <!-- <td class=\"mejores col_dark\"><\/td> -->\n            <\/tr>\n            <tr>\n            <td>15:45<\/td>\n            <!-- <td class=\"mejores col_dark\"><\/td> -->\n            <td class=\"actividades col_dark\">Actividad social<\/td>\n            <\/tr>\n            <tr>\n            <td>16:00<\/td>\n            <!-- <td class=\"mejores col_dark\"><\/td> -->\n            <td class=\"sesiones col_dark\" style=\"vertical-align: middle; line-height: 1.3;\" rowspan=\"6\"><a href=\"https:\/\/jenui2021.uv.es\/index.php\/mesa-redonda\">Mesa redonda<br><br>Perspectiva de g\u00e9nero<br>en los estudios de inform\u00e1tica<\/a><\/td>\n            <\/tr>\n            <tr>\n            <td>16:15<\/td>\n            <!-- <td class=\"mejores col_dark\"><\/td> -->\n            <!-- <td class=\"sesiones col_dark\">Mesa redonda<\/td> -->\n            <\/tr>\n            <tr>\n            <td>16:30<\/td>\n            <!-- <td class=\"mejores col_dark\"><\/td> -->\n            <!-- <td class=\"sesiones col_dark\">Perspectiva de g\u00e9nero<\/td> -->\n            <\/tr>\n            <tr>\n            <td>16:45<\/td>\n            <td class=\"pausa\">Pausa<\/td>\n            <!-- <td class=\"sesiones col_dark\">en los estudios de inform\u00e1tica<\/td> -->\n            <\/tr>\n            <tr>\n            <td>17:00<\/td>\n            <td class=\"asamblea\" style=\"vertical-align: middle;\" rowspan=\"6\">Asamblea AENUI<\/td>\n            <!-- <td class=\"sesiones col_dark\"><\/td> -->\n            <\/tr>\n            <tr>\n            <td>17:15<\/td>\n            <!-- <td class=\"asamblea\"><\/td> -->\n            <!-- <td class=\"sesiones col_dark\"><\/td> -->\n            <\/tr>\n            <tr>\n            <td>17:30<\/td>\n            <!-- <td class=\"asamblea\">Asamblea AENUI<\/td> -->\n            <td class=\"pausa\">Pausa<\/td>\n            <\/tr>\n            <tr>\n            <td>17:45<\/td>\n            <!-- <td class=\"asamblea\"><\/td> -->\n            <td class=\"actividades col_dark\">Entrega de premios<\/td>\n            <\/tr>\n            <tr>\n            <td>18:00<\/td>\n            <!-- <td class=\"asamblea\"><\/td> -->\n            <td class=\"actividades col_dark\">Presentaci\u00f3n JENUI 2022<\/td>\n            <\/tr>\n            <tr>\n            <td>18:15<\/td>\n            <!-- <td class=\"asamblea\"><\/td> -->\n            <td class=\"asamblea\">Clausura<\/td>\n            <\/tr>\n            <\/tbody>\n            <\/table>\n\n\n<!--\n<p><strong>Actividades as\u00edncronas<\/strong><\/p>\n<ul>\n<li>Los v\u00eddeos con las presentaciones de <a href=\"https:\/\/jenui2021.uv.es\/index.php\/presentaciones\/\">los trabajos aceptados estar\u00e1n disponibles a partir del 1 de julio de 2020 organizados en sesiones tem\u00e1ticas<\/a>.<\/li>\n<li>La plataforma <a href=\"https:\/\/aulavirtual.uv.es\/?lang=es\">Aula Virtual de la Universitat de Val\u00e8ncia<\/a> permitir\u00e1 dialogar con los autores mediante foros de discusi\u00f3n asociados a las sesiones tem\u00e1ticas a partir del 6 de julio de 2020.<\/li>\n<li>Los autores de los trabajos aceptados responder\u00e1n a las preguntas y dudas que los asistentes planteen en los foros de discusi\u00f3n tras haber visto los v\u00eddeos.<\/li>\n<\/ul>\n\n<p><strong>Actividades s\u00edncronas<\/strong><\/p>\n<ul>\n<li>Las actividades s\u00edncronas se realizar\u00e1n por videoconferencia a trav\u00e9s de plataforma <a href=\"https:\/\/aulavirtual.uv.es\/?lang=es\">Aula Virtual de la Universitat de Val\u00e8ncia<\/a>.<\/li>\n<li>El 8 y 9 de julio, de 15:30h a 17:30h, se realizar\u00e1n dos mesas redondas sobre <a href=\"https:\/\/jenui2021.uv.es\/index.php\/mesa-redonda-miercoles\/\">docencia<\/a> y la <a href=\"https:\/\/jenui2021.uv.es\/index.php\/mesa-redonda-jueves\/\">evaluaci\u00f3n<\/a> online.<\/li>\n<li>La sesi\u00f3n de presentaciones de trabajos candidatos a mejor art\u00edculo se celebrar\u00e1 el 8 de julio de 17:30h a 18:30h y la votaci\u00f3n se realizar\u00e1 durante la Asamblea de AENUI.<\/li>\n<li>Tambi\u00e9n habr\u00e1 dos actos sociales, pero mantengamos la magia un poco m\u00e1s... \ud83d\ude00<\/li>\n<\/ul>\n-->\n","protected":false},"excerpt":{"rendered":"<p>Las JENUI 2021 se celebrar\u00e1n en modalidad virtual y su programa estar\u00e1 formado por un conjunto de actividades s\u00edncronas que permitir\u00e1n participar e interactuar con el resto de asistentes al congreso. Sigue las instrucciones de conexi\u00f3n a la plataforma de videoconferencia para interactuar en directo con el resto de autores y participantes. Para participar en [&hellip;]<\/p>\n","protected":false},"author":1,"featured_media":0,"parent":0,"menu_order":0,"comment_status":"closed","ping_status":"closed","template":"","meta":[],"_links":{"self":[{"href":"https:\/\/jenui2021.uv.es\/index.php\/wp-json\/wp\/v2\/pages\/582"}],"collection":[{"href":"https:\/\/jenui2021.uv.es\/index.php\/wp-json\/wp\/v2\/pages"}],"about":[{"href":"https:\/\/jenui2021.uv.es\/index.php\/wp-json\/wp\/v2\/types\/page"}],"author":[{"embeddable":true,"href":"https:\/\/jenui2021.uv.es\/index.php\/wp-json\/wp\/v2\/users\/1"}],"replies":[{"embeddable":true,"href":"https:\/\/jenui2021.uv.es\/index.php\/wp-json\/wp\/v2\/comments?post=582"}],"version-history":[{"count":81,"href":"https:\/\/jenui2021.uv.es\/index.php\/wp-json\/wp\/v2\/pages\/582\/revisions"}],"predecessor-version":[{"id":1605,"href":"https:\/\/jenui2021.uv.es\/index.php\/wp-json\/wp\/v2\/pages\/582\/revisions\/1605"}],"wp:attachment":[{"href":"https:\/\/jenui2021.uv.es\/index.php\/wp-json\/wp\/v2\/media?parent=582"}],"curies":[{"name":"wp","href":"https:\/\/api.w.org\/{rel}","templated":true}]}}

<p>Las JENUI 2021 se celebrarán en modalidad virtual y su programa estará formado por un conjunto de actividades síncronas que permitirán participar e interactuar con el resto de asistentes al congreso.</p>
<p>Sigue las <a href="https://jenui2021.uv.es/index.php/instrucciones-conexion/">instrucciones de conexión</a> a la plataforma de videoconferencia para interactuar en directo con el resto de autores y participantes.</p>
<p>Para participar en estas actividades es necesaria <a href="https://jenui2021.uv.es/index.php/inscripcion/">la inscripción al congreso</a>. Consulta las modalidades de inscripción, que incluyen una opción gratuita.</p>
<p>Si tienes que presentar un trabajo aceptado o quieres saber más sobre cómo se desarrollarán las sesiones, consulta la <a href="https://jenui2021.uv.es/index.php/preparacion-de-presentaciones/">página sobre preparación de presentaciones</a>.</p>
<p>El programa virtual de actividades seguirá la siguiente estructura:</p>
       <table id="tabla_programa" class="tabla_programa">
            <thead>
            <tr>
            <th class="horas">&nbsp;</th>
            <th>7 de Julio</th>
            <th>8 de Julio</th>
            </tr>
            </thead>
            <tbody>
            <tr>
            <td>09:30</td>
            <td class="asamblea">Bienvenida e inauguración</td>
            <td class="sesiones col_dark" style="vertical-align: middle; line-height: 1.3;" rowspan="4"><a href="https://jenui2021.uv.es/index.php/premio-aenui/">Conferencia<br>Premio AENUI 2021<br>Merche Marqués</a></td>
            </tr>
            <tr>
            <td>09:45</td>
            <td class="sesiones col_dark" style="vertical-align: middle; line-height: 1.3;" rowspan="4"><a href="https://jenui2021.uv.es/index.php/premio-aenui-2020/">Conferencia<br>Premio AENUI 2020<br>David López</a></td>
            <!-- <td class="sesiones col_dark"><a href="https://jenui2021.uv.es/index.php/premio-aenui/">Premio AENUI 2021</a></td> -->
            </tr>
            <tr>
            <td>10:00</td>
            <!-- <td class="sesiones col_dark"><a href="https://jenui2021.uv.es/index.php/premio-aenui-2020/">Premio AENUI 2020</a></td> -->
            <!-- <td class="sesiones col_dark" style="vertical-align: middle;" rowspan="2"><a href="https://jenui2021.uv.es/index.php/premio-aenui/">Merche Marqués</a></td> -->
            </tr>
            <tr>
            <td>10:15</td>
            <!-- <td class="sesiones col_dark" style="vertical-align: middle;" rowspan="2"><a href="https://jenui2021.uv.es/index.php/premio-aenui-2020/">David López</a></td> -->
 
            </tr>
            <tr>
            <td>10:30</td>
            <!-- <td class="sesiones col_dark"></td> -->
            <td class="actividades col_dark" style="vertical-align: middle;" rowspan="3">Actividad social</td>
            </tr>
            <tr>
            <td>10:45</td>
            <td class="pausa">Pausa</td>
            <!-- <td class="actividades col_dark">Actividad social</td> -->
            </tr>
            <tr>
            <td>11:00</td>
            <td class="mejores col_dark" style="vertical-align: middle;" rowspan="4">Sesiones paralelas<br><a href="https://jenui2021.uv.es/index.php/presentaciones/#sesion1A">1A: Evaluación de aprendizaje I</a><br><a href="https://jenui2021.uv.es/index.php/presentaciones/#sesion1B">1B: Aplicación de las TIC al proceso de enseñanza-aprendizaje</a></td>
            <!-- <td class="actividades col_dark"></td> -->
            </tr>
            <tr>
            <td>11:15</td>
            <!-- <td class="mejores col_dark">Sesiones paralelas</td> -->
            <td class="pausa">Pausa</td>
            </tr>
            <tr>
            <td>11:30</td>
            <!-- <td class="mejores col_dark">1A || 1B</td> -->
            <td class="mejores col_dark" style="vertical-align: middle;" rowspan="4">Sesiones paralelas<br><a href="https://jenui2021.uv.es/index.php/presentaciones/#sesion4A">4A: Perspectiva de género en los estudios de informática</a><br><a href="https://jenui2021.uv.es/index.php/presentaciones/#sesion4B">4B: Didáctica en los estudios de ingeniería informática</a></td>
            </tr>
            <tr>
            <td>11:45</td>
            <!-- <td class="mejores col_dark"></td> -->
            <!-- <td class="mejores col_dark">Sesiones paralelas</td> -->
            </tr>
            <tr>
            <td>12:00</td>
            <td class="actividades col_dark">Actividad social</td>
            <!-- <td class="mejores col_dark">4A || 4B</td> -->
            </tr>
            <tr>
            <td>12:15</td>
            <td class="mejores col_dark" style="vertical-align: middle;" rowspan="4">Sesiones paralelas<br><a href="https://jenui2021.uv.es/index.php/presentaciones/#sesion2A">2A: Docencia y evaluación <br>semipresencial y en línea</a><br><a href="https://jenui2021.uv.es/index.php/presentaciones/#sesion2B">2B: Mejoras pedagógicas en las <br>asignaturas y calidad en la docencia</a></td>
            <!-- <td class="mejores col_dark"></td> -->
            </tr>
            <tr>
            <td>12:30</td>
            <!-- <td class="mejores col_dark">Sesiones paralelas</td> -->
            <td class="sesiones col_dark" style="vertical-align: middle;" rowspan="3"><a href="https://jenui2021.uv.es/index.php/presentaciones/#sesion5">Sesión 5 &#8211; Pósteres</a></td>
            </tr>
            <tr>
            <td>12:45</td>
            <!-- <td class="mejores col_dark">2A || 2B</td> -->
            <!-- <td class="sesiones col_dark">Sesión de pósteres</td> -->
            </tr>
            <tr>
            <td>13:00</td>
            <!-- <td class="mejores col_dark"></td> -->
            <!-- <td class="sesiones col_dark"></td> -->
            </tr>
            <tr>
            <td></td>
            <td class="pausa">Pausa</td>
            <td class="pausa">Pausa</td>
            </tr>
            <tr>
            <td>15:00</td>
            <td class="mejores col_dark" style="vertical-align: middle;" rowspan="7"><a href="https://jenui2021.uv.es/index.php/presentaciones/#sesion3">Sesión 3<br><br>Candidaturas a mejores trabajos</a></td>
            <td class="mejores col_dark" style="vertical-align: middle;" rowspan="3">Sesiones paralelas<br><a href="https://jenui2021.uv.es/index.php/presentaciones/#sesion6A">6A: Desarrollo de competencias transversales</a><br><a href="https://jenui2021.uv.es/index.php/presentaciones/#sesion6B">6B: Evaluación de aprendizaje II</a></td>
            </tr>
            <tr>
            <td>15:15</td>
            <!-- <td class="mejores col_dark">Sesión 3</td> -->
            <!-- <td class="mejores col_dark">5A || 5B</td> -->
            </tr>
            <tr>
            <td>15:30</td>
            <!-- <td class="mejores col_dark">Mejores trabajos</td> -->
            <!-- <td class="mejores col_dark"></td> -->
            </tr>
            <tr>
            <td>15:45</td>
            <!-- <td class="mejores col_dark"></td> -->
            <td class="actividades col_dark">Actividad social</td>
            </tr>
            <tr>
            <td>16:00</td>
            <!-- <td class="mejores col_dark"></td> -->
            <td class="sesiones col_dark" style="vertical-align: middle; line-height: 1.3;" rowspan="6"><a href="https://jenui2021.uv.es/index.php/mesa-redonda">Mesa redonda<br><br>Perspectiva de género<br>en los estudios de informática</a></td>
            </tr>
            <tr>
            <td>16:15</td>
            <!-- <td class="mejores col_dark"></td> -->
            <!-- <td class="sesiones col_dark">Mesa redonda</td> -->
            </tr>
            <tr>
            <td>16:30</td>
            <!-- <td class="mejores col_dark"></td> -->
            <!-- <td class="sesiones col_dark">Perspectiva de género</td> -->
            </tr>
            <tr>
            <td>16:45</td>
            <td class="pausa">Pausa</td>
            <!-- <td class="sesiones col_dark">en los estudios de informática</td> -->
            </tr>
            <tr>
            <td>17:00</td>
            <td class="asamblea" style="vertical-align: middle;" rowspan="6">Asamblea AENUI</td>
            <!-- <td class="sesiones col_dark"></td> -->
            </tr>
            <tr>
            <td>17:15</td>
            <!-- <td class="asamblea"></td> -->
            <!-- <td class="sesiones col_dark"></td> -->
            </tr>
            <tr>
            <td>17:30</td>
            <!-- <td class="asamblea">Asamblea AENUI</td> -->
            <td class="pausa">Pausa</td>
            </tr>
            <tr>
            <td>17:45</td>
            <!-- <td class="asamblea"></td> -->
            <td class="actividades col_dark">Entrega de premios</td>
            </tr>
            <tr>
            <td>18:00</td>
            <!-- <td class="asamblea"></td> -->
            <td class="actividades col_dark">Presentación JENUI 2022</td>
            </tr>
            <tr>
            <td>18:15</td>
            <!-- <td class="asamblea"></td> -->
            <td class="asamblea">Clausura</td>
            </tr>
            </tbody>
            </table>


<!--
<p><strong>Actividades asíncronas</strong></p>
<ul>
<li>Los vídeos con las presentaciones de <a href="https://jenui2021.uv.es/index.php/presentaciones/">los trabajos aceptados estarán disponibles a partir del 1 de julio de 2020 organizados en sesiones temáticas</a>.</li>
<li>La plataforma <a href="https://aulavirtual.uv.es/?lang=es">Aula Virtual de la Universitat de València</a> permitirá dialogar con los autores mediante foros de discusión asociados a las sesiones temáticas a partir del 6 de julio de 2020.</li>
<li>Los autores de los trabajos aceptados responderán a las preguntas y dudas que los asistentes planteen en los foros de discusión tras haber visto los vídeos.</li>
</ul>

<p><strong>Actividades síncronas</strong></p>
<ul>
<li>Las actividades síncronas se realizarán por videoconferencia a través de plataforma <a href="https://aulavirtual.uv.es/?lang=es">Aula Virtual de la Universitat de València</a>.</li>
<li>El 8 y 9 de julio, de 15:30h a 17:30h, se realizarán dos mesas redondas sobre <a href="https://jenui2021.uv.es/index.php/mesa-redonda-miercoles/">docencia</a> y la <a href="https://jenui2021.uv.es/index.php/mesa-redonda-jueves/">evaluación</a> online.</li>
<li>La sesión de presentaciones de trabajos candidatos a mejor artículo se celebrará el 8 de julio de 17:30h a 18:30h y la votación se realizará durante la Asamblea de AENUI.</li>
<li>También habrá dos actos sociales, pero mantengamos la magia un poco más... 😀</li>
</ul>
-->

<p>Las JENUI 2021 se celebrarán en modalidad virtual y su programa estará formado por un conjunto de actividades síncronas que permitirán participar e interactuar con el resto de asistentes al congreso. Sigue las instrucciones de conexión a la plataforma de videoconferencia para interactuar en directo con el resto de autores y participantes. Para participar en [&hellip;]</p>
